Let n = 0 + 3. Suppose 0 = -n*r + 2*r. Suppose q + 3*q = r. Let p(k) = k**2 + k - 10. Give p(q).
-10
Let l(y) be the third derivative of y**7/720 - y**5/5 - 6*y**2. Let q(i) be the third derivative of l(i). Give q(1).
7
Let u(j) = j - 5. Let x(v) = -2*v + 7. Let b be x(2). Suppose l + b*t = -0*t + 10, -2*t = -l. Give u(l).
-1
Let y = -3 + 14. Suppose 2*a = 5*j - 8 + 30, -a - 3*j + y = 0. Let u = -15 + a. Let k(i) = i**2 + 4*i + 3. Determine k(u).
3
Let z(v) = 27 + 101*v - 102*v + 25 - 38. What is z(7)?
7
Suppose 0 = 4*u + 3*c - 5*c - 14, -c - 1 = 0. Let d(t) = -t - 3 - u + 4 + 5. Calculate d(8).
-5
Let c(o) = -o**2 - 4*o + 5. Let q = -236 - -230. Determine c(q).
-7
Let f(i) be the third derivative of i**6/120 - 7*i**5/60 - i**4/3 + 5*i**3/6 + 420*i**2. What is f(8)?
5
Let t(q) = -q**3 - 2*q**2 + q + 3. Suppose s - 144 = 3*g - 0*s, -s = 3*g + 138. Let v = -50 - g. Calculate t(v).
9
Let f = -7 - -7. Suppose -6*w + w - 75 = f. Let p be (2/3)/((-2)/w). Let i(x) = x - 3. Determine i(p).
2
Suppose 2*j = -l - 10, -2*l + 4*j + 20 = l. Let u be (4 + l/4)*(-1)/2. Let k(p) = 4*p. Calculate k(u).
-8
Let s(z) = 3*z**2 - 3*z + 3. Let i(j) = j - 12. Let v be i(3). Let m(c) = c + 12. Let a be m(v). What is s(a)?
21
Let i be 2*(-143)/(-22) + -9. Let f(q) be the first derivative of -3/2*q**2 - 1/4*q**4 + i*q + 4/3*q**3 - 10. Calculate f(4).
-8
Let c be -6 - (-6 + 6)/7. Let m(o) = -o**3 - 7*o**2 - 6*o + 3. Determine m(c).
3
Let s(u) = -5*u. Suppose -19 - 3 = 5*t - 3*g, t - 2 = -g. Let p be s(t). Let w(h) = -h + 11. Calculate w(p).
1
Suppose f - 4*i + 8 = 1, 4*i = -f + 1. Let x be 86/18 + (-18)/(-81). Let u(s) = -4*s + 3*s + 4*s - x*s - s**2. Give u(f).
-3
Let n(o) = 5*o**2 + 2*o + 5. Let r(i) be the first derivative of 2*i**3 + i**2/2 + 6*i - 13. Let c(u) = -5*n(u) + 4*r(u). Determine c(-4).
7
Let g(z) = 4*z - 4. Let y(i) = -5*i + 6. Let t(x) = -4*g(x) - 3*y(x). Suppose -6*u + u = 4*s - 36, -2*u - 4*s + 12 = 0. Let b = -2 + u. Determine t(b).
-8
Let m(c) be the second derivative of 1/20*c**5 + 5/2*c**2 + 0 - 15*c - 1/6*c**3 - 2/3*c**4. Calculate m(8).
-3
Let y(q) = -q**3 + 10*q**2 - 7*q - 11. Let g(c) = -2*c + 4. Let j be g(-7). Let b be 36/10*15/6. Let a = j - b. Give y(a).
7
Let a = -1474 - -1477. Let v(f) = 2*f**2 - 3*f + 9. Let g(y) = 2*y**2 - 3*y + 8. Let o(k) = 7*g(k) - 6*v(k). Calculate o(a).
11
Let i(b) = 2. Let g(u) = 2*u. Let w(p) = g(p) + 4*i(p). What is w(-3)?
2
Let v(w) = -w**3 - 6*w**2 - 7*w - 4. Let k = 28 - 23. Suppose k*f + 4*h + 33 = 0, h = 3*h + 4. Calculate v(f).
6
Let n(s) = 3*s**2 + 20*s. Let y be n(-7). Let h(j) = j**3 - 6*j**2 - 5*j - 17. Give h(y).
-3
Suppose 3*v = 2*u, 2*v - 3*u = 5*v. Let s(y) = -3*y - 1 + v*y - 3*y + 7*y. Determine s(3).
2
Let p(c) = 0*c**2 + 0*c**2 - 168 + c**3 + c**2 - 2*c**3 + 157 + c. Calculate p(0).
-11
Let n(l) = l**2 - 11*l + 1. Suppose 4*h = -s + 40, 0 = 7*h - 10*h - 4*s + 17. Determine n(h).
1
Suppose -4*t = -2*a + 2, -3*t - 4 = 2. Let r(s) = -10*s - 3. Let k(h) = 8*h + 3. Let c(v) = 4*k(v) + 3*r(v). Calculate c(a).
-3
Let c = 20 + -17. Let f(a) = -5*a**3 + a + 5*a**2 - 5*a**3 + 9*a**c. Determine f(5).
5
Let v(z) be the first derivative of -2*z**3/3 + 3*z**2/2 - 2*z + 147. Give v(5).
-37
Let k = -3 - -6. Let t be (1 + -2)*(-1 + 3)*1. Let l = t - k. Let a(z) = -z**3 - 4*z**2 + 7*z. Give a(l).
-10
Let b(o) be the second derivative of o**5/10 - o**4/6 - o**3/3 + 3*o. Let c be b(2). Let t = c + -4. Let q(x) = -x**2 - x + 5. Calculate q(t).
5
Let b(l) = -l**3 - 3*l**2. Suppose 2*y = -3*g + 4*y + 1, 0 = 2*g - 3*y + 6. Suppose 5*x + m + 12 = 0, 2*m = -4*x + g*m - 15. Calculate b(x).
0
Let b = 18 - 13. Let n(m) = m - 1. Let o be n(b). Let d(a) be the second derivative of a**5/20 - a**4/4 - 2*a**3/3 + 3*a**2/2 - 4*a. Determine d(o).
3
Suppose 67*o - 638 = 9*o. Let m(q) = q**2 - 10*q + 15. Calculate m(o).
26
Let q(x) = x**3 + x**2 - 2*x + 1. Let k(d) = -d**3 - 12*d**2 - 10*d + 13. Let o be k(-11). Suppose -2*p + 12 = o*p. Suppose -2*s = p*s + 15. What is q(s)?
-11
Let o(z) = z**3 + 31*z**2 + 28*z - 59. Let a be o(-30). Let s(u) = 1 - 3*u + u - 3*u + 2*u. What is s(a)?
-2
Let m(d) = d**2 + d - 1. Let z(w) = -7*w**2 + 2*w. Let p(k) = -6*m(k) - z(k). Suppose 0 = v + a + 2*a + 7, -21 = -2*v + a. What is p(v)?
6
Let s(k) = -k**3 - 6*k**2 - 4*k + 14. Let r be s(-5). Let u(h) = -h**2 + 9*h - 6. What is u(r)?
-6
Let x(r) = 5*r - 25. Let i(l) = -2*l + 12. Let b(v) = 7*i(v) + 3*x(v). Suppose -5*h = -q - 180, -7*q = -h - 3*q + 17. Suppose 9*c = -h - 26. Give b(c).
2
Let p = 10 + -10. Let g be -3 - (-10)/(2 - p). Let w(k) = -k**3 - 7 + 0 - 2*k - 4*k**g + 4. Calculate w(-4).
5
Let g(q) = q - 3. Suppose -4*v + 9 = -7*v, 0 = 3*a - 2*v. Suppose 10*w + 6 = 13*w. Let x = w - a. Give g(x).
1
Let q(r) = -42*r**3 - 2*r + 1. Suppose 4*o = -2*n + 20 - 2, 3*n + 5*o = 23. Give q(n).
-43
Let l(h) be the third derivative of -h**6/120 - h**5/15 - h**4/12 + h**3/3 - 130*h**2. Give l(-2).
-2
Let a(t) be the first derivative of -t**2/2 + 10*t - 80. Determine a(7).
3
Let k(l) = -4*l**3 + 3*l**3 - 5*l + 16*l**2 - 7*l**2 - 1 - 9. Give k(8).
14
Let n(a) be the third derivative of a**4/24 + a**3/6 + 37*a**2 - a. Let s(z) = 2*z + 1. Let g be s(0). What is n(g)?
2
Let b = -521 + 518. Let a(c) = -c**3 - 5*c**2 - 3*c + 4. Let q(l) = -3*l**3 - 16*l**2 - 10*l + 13. Let v(d) = 7*a(d) - 2*q(d). What is v(b)?
5
Let y(r) = -r - 1. Suppose -9*b = -5*b - 16. Suppose 2*q = -b*m - 2, 2*q + 2 = -3*m + 1. Let k(j) = -8*j - 6. Let p(i) = q*k(i) - 3*y(i). Determine p(-3).
12
Let b(d) = -9 + 0*d + 2 - 3*d. Suppose k + 2*k + 246 = 3*c, -5*k = -c + 74. Let v be c/(-24) + 3/(-2). Determine b(v).
8
Let h(b) = -b + 2. Suppose 0*s + 2*s = 8. Let c(d) = -d + 3. Let z(y) = s*h(y) - 3*c(y). Suppose t - 3 = 2. What is z(t)?
-6
Suppose -12 = -5*c + 4*b + 6, -12 = -c - 2*b. Let w(y) = -y**2 + 6*y + 3. Give w(c).
3
Let p(r) be the first derivative of r**4/4 - 5*r**3/3 - 5*r**2/2 + 2*r + 167. What is p(5)?
-23
Let t(a) = -1 + 276*a - 135*a - 139*a + 0 + 11*a**2. Give t(-2).
39
Let m(z) = z**3 - z + 2. Let l be m(0). Let c(b) = -b**3 - 9*b**2 - 6 + 2*b**l - 6*b - b. Let f be ((-6)/(-18))/(-2*3/108). Calculate c(f).
0
Let c(s) be the third derivative of -s**5/60 - s**4/4 + 7*s**3/6 + 17*s**2 + 13. Determine c(-6).
7
Suppose b + v + 4 = 13, 0 = 2*b + 4*v - 28. Let d(a) = -2*a + 7*a + 0 - a**2 - b. Suppose 11*h - 6*h = 15. Determine d(h).
2
Let b(t) = t**3 - 4*t**2 - t - 2. Let g be 4/34 + 1848/476. Give b(g).
-6
Let l(m) = 892 - 384 - 18*m - 456. What is l(3)?
-2
Let y(m) = -2*m. Let n(b) = -3*b + 19. Let q(i) = -n(i) + 5*y(i). Give q(-4).
9
Let u(m) be the third derivative of -1/60*m**5 - 1/120*m**6 - m**3 + 0 + 0*m + 0*m**4 + 11*m**2. What is u(0)?
-6
Let z = 59/120 + 1/120. Let l(q) be the third derivative of 0 - 1/30*q**5 - 1/120*q**6 + z*q**3 + q**2 + 1/8*q**4 + 0*q. Determine l(-2).
-3
Let o(q) = -q**2 - 3*q - 3. Let a(m) be the second derivative of -m**4/6 + 2*m**3/3 - 2*m**2 - 13*m. Let s be a(2). Give o(s).
-7
Let p(r) = 2*r. Suppose 0 = 2*l - 70 + 66. Let b be -2 - (14/(-16) - l/16). Calculate p(b).
-2
Suppose 0 = 5*u - 3*g - 0 - 8, -3*u - 2*g + 20 = 0. Let m(l) be the first derivative of -1/2*l**2 - 4/3*l**3 + 1/4*l**u + 4*l + 11. What is m(3)?
-8
Let z = -36 + 30. Let k(l) = -15*l + 7. Let n(y) = 14*y - 6. Let b(t) = z*n(t) - 5*k(t). What is b(1)?
-8
Let y(t) = 3*t**3 + 13*t**2 + 12*t + 1. Let p(m) = -5*m**3 - 20*m**2 - 19*m - 2. Let v(w) = -5*p(w) - 8*y(w). Determine v(5).
22
Let n be (-1*(-18)/(-12))/(2/(-4)). Let i(c) = -c**3 + 3*c**2 + 3*c + 1. What is i(n)?
10
Let u(k) = -8*k - 4 + 3*k**2 - k**2 + 3*k. Let l(z) = -z**2 + 3*z + 4. Suppose -2*w - 2*j + 6 = 2*w, 0 = w + 5*j - 15. Let q be l(w). What is u(q)?
8
Let v(s) = 6*s + 8. Let x(w) = 90*w + 7 - 87*w - 4. Let d(j) = 2*v(j) - 5*x(j). What is d(3)?
-8
Let l be 3*(-2 + 1)*(-60)/18. Let n(m) = 7*m**2 - 25*m - 3. Let f(y) = 4*y**2 - 13*y - 1. Let s(w) = -5*f(w) + 3*n(w). What is s(l)?
-4
Let m = 1 - -2. Let a(p) be the second derivative of -p**5/60 + 5*p**4/24 - p**3/3 + 3*p**2 + p. Let c(i) be the first derivative of a(i). What is c(m)?
4
Let d(k) = -31*k + 20*k + 1 - 4*k**2 - 5 - 1 + 5*k**2. Calculate d(5).
-35
Let b(k) be the second derivative of -k**3/6 + 5*k**2 + 45*k. Determine b(8).
2
Let k(c) = 7*c + 2. Let p = 